{"id":211,"date":"2026-03-03T18:22:35","date_gmt":"2026-03-03T18:22:35","guid":{"rendered":"https:\/\/dnfconsultores.com\/?page_id=211"},"modified":"2026-03-03T18:55:35","modified_gmt":"2026-03-03T18:55:35","slug":"nosotros","status":"publish","type":"page","link":"https:\/\/dnfconsultores.com\/index.php\/nosotros\/","title":{"rendered":"Nosotros"},"content":{"rendered":"\t\t<div data-elementor-type=\"wp-page\" data-elementor-id=\"211\" class=\"elementor elementor-211\">\n\t\t\t\t<div class=\"elementor-element elementor-element-67c651ee e-con-full e-flex e-con e-parent\" data-id=\"67c651ee\" data-element_type=\"container\" data-e-type=\"container\" data-settings=\"{&quot;background_background&quot;:&quot;classic&quot;}\">\n\t\t<div class=\"elementor-element elementor-element-87b86d9 e-con-full e-flex e-con e-child\" data-id=\"87b86d9\" data-element_type=\"container\" data-e-type=\"container\">\n\t\t\t\t<div class=\"elementor-element elementor-element-2fd94560 elementor-widget__width-initial elementor-widget elementor-widget-heading\" data-id=\"2fd94560\" data-element_type=\"widget\" data-e-type=\"widget\" data-widget_type=\"heading.default\">\n\t\t\t\t\t<h1 class=\"elementor-heading-title elementor-size-default\">Somos un equipo especializado en asesor\u00eda legal, contable y fiscal.<\/h1>\t\t\t\t<\/div>\n\t\t\t\t<div class=\"elementor-element elementor-element-2c30799e elementor-widget elementor-widget-text-editor\" data-id=\"2c30799e\" data-element_type=\"widget\" data-e-type=\"widget\" data-widget_type=\"text-editor.default\">\n\t\t\t\t\t\t\t\t\t<p>Trabajamos con \u00e9tica, compromiso y soluciones personalizadas para cada cliente.<\/p>\t\t\t\t\t\t\t\t<\/div>\n\t\t\t\t<\/div>\n\t\t<div class=\"elementor-element elementor-element-417aa047 e-con-full e-flex e-con e-child\" data-id=\"417aa047\" data-element_type=\"container\" data-e-type=\"container\">\n\t\t\t\t<div class=\"elementor-element elementor-element-63c5d920 elementor-widget elementor-widget-image\" data-id=\"63c5d920\" data-element_type=\"widget\" data-e-type=\"widget\" data-widget_type=\"image.default\">\n\t\t\t\t\t\t\t\t\t\t\t\t\t\t\t<img fetchpriority=\"high\" decoding=\"async\" width=\"736\" height=\"736\" src=\"https:\/\/dnfconsultores.com\/wp-content\/uploads\/2026\/02\/c8804a46e2bfa053b79dafb4a7842583.jpg\" class=\"attachment-large size-large wp-image-98\" alt=\"\" srcset=\"https:\/\/dnfconsultores.com\/wp-content\/uploads\/2026\/02\/c8804a46e2bfa053b79dafb4a7842583.jpg 736w, https:\/\/dnfconsultores.com\/wp-content\/uploads\/2026\/02\/c8804a46e2bfa053b79dafb4a7842583-300x300.jpg 300w, https:\/\/dnfconsultores.com\/wp-content\/uploads\/2026\/02\/c8804a46e2bfa053b79dafb4a7842583-150x150.jpg 150w\" sizes=\"(max-width: 736px) 100vw, 736px\" \/>\t\t\t\t\t\t\t\t\t\t\t\t\t\t\t<\/div>\n\t\t\t\t<\/div>\n\t\t\t\t<\/div>\n\t\t<div class=\"elementor-element elementor-element-1de07099 e-flex e-con-boxed e-con e-parent\" data-id=\"1de07099\" data-element_type=\"container\" data-e-type=\"container\">\n\t\t\t\t\t<div class=\"e-con-inner\">\n\t\t<div class=\"elementor-element elementor-element-716bb8db e-con-full e-flex e-con e-child\" data-id=\"716bb8db\" data-element_type=\"container\" data-e-type=\"container\">\n\t\t<div class=\"elementor-element elementor-element-4a5f2ad2 e-con-full e-flex e-con e-child\" data-id=\"4a5f2ad2\" data-element_type=\"container\" data-e-type=\"container\">\n\t\t\t\t<div class=\"elementor-element elementor-element-45ca71cb elementor-widget elementor-widget-image\" data-id=\"45ca71cb\" data-element_type=\"widget\" data-e-type=\"widget\" data-widget_type=\"image.default\">\n\t\t\t\t\t\t\t\t\t\t\t\t\t\t\t<img decoding=\"async\" width=\"274\" height=\"184\" src=\"https:\/\/dnfconsultores.com\/wp-content\/uploads\/2026\/03\/images.jpg\" class=\"attachment-large size-large wp-image-229\" alt=\"\" \/>\t\t\t\t\t\t\t\t\t\t\t\t\t\t\t<\/div>\n\t\t\t\t<div class=\"elementor-element elementor-element-f996221 elementor-widget elementor-widget-image\" data-id=\"f996221\" data-element_type=\"widget\" data-e-type=\"widget\" data-widget_type=\"image.default\">\n\t\t\t\t\t\t\t\t\t\t\t\t\t\t\t<img decoding=\"async\" width=\"800\" height=\"523\" src=\"https:\/\/dnfconsultores.com\/wp-content\/uploads\/2026\/03\/1_zeoEy9CP2sW_eh5boiQTgw-1024x670.jpg\" class=\"attachment-large size-large wp-image-227\" alt=\"\" srcset=\"https:\/\/dnfconsultores.com\/wp-content\/uploads\/2026\/03\/1_zeoEy9CP2sW_eh5boiQTgw-1024x670.jpg 1024w, https:\/\/dnfconsultores.com\/wp-content\/uploads\/2026\/03\/1_zeoEy9CP2sW_eh5boiQTgw-300x196.jpg 300w, https:\/\/dnfconsultores.com\/wp-content\/uploads\/2026\/03\/1_zeoEy9CP2sW_eh5boiQTgw-768x502.jpg 768w, https:\/\/dnfconsultores.com\/wp-content\/uploads\/2026\/03\/1_zeoEy9CP2sW_eh5boiQTgw.jpg 1200w\" sizes=\"(max-width: 800px) 100vw, 800px\" \/>\t\t\t\t\t\t\t\t\t\t\t\t\t\t\t<\/div>\n\t\t\t\t<\/div>\n\t\t<div class=\"elementor-element elementor-element-500585dd e-con-full e-flex e-con e-child\" data-id=\"500585dd\" data-element_type=\"container\" data-e-type=\"container\">\n\t\t\t\t<div class=\"elementor-element elementor-element-6b23a6b7 elementor-widget elementor-widget-image\" data-id=\"6b23a6b7\" data-element_type=\"widget\" data-e-type=\"widget\" data-widget_type=\"image.default\">\n\t\t\t\t\t\t\t\t\t\t\t\t\t\t\t<img loading=\"lazy\" decoding=\"async\" width=\"800\" height=\"534\" src=\"https:\/\/dnfconsultores.com\/wp-content\/uploads\/2026\/03\/trabajo-en-equipo-del-negocio-que-comprueba-informe-de-la-contabilidad-oficina-con-usin-115812940.webp\" class=\"attachment-large size-large wp-image-228\" alt=\"\" srcset=\"https:\/\/dnfconsultores.com\/wp-content\/uploads\/2026\/03\/trabajo-en-equipo-del-negocio-que-comprueba-informe-de-la-contabilidad-oficina-con-usin-115812940.webp 800w, https:\/\/dnfconsultores.com\/wp-content\/uploads\/2026\/03\/trabajo-en-equipo-del-negocio-que-comprueba-informe-de-la-contabilidad-oficina-con-usin-115812940-300x200.webp 300w, https:\/\/dnfconsultores.com\/wp-content\/uploads\/2026\/03\/trabajo-en-equipo-del-negocio-que-comprueba-informe-de-la-contabilidad-oficina-con-usin-115812940-768x513.webp 768w\" sizes=\"(max-width: 800px) 100vw, 800px\" \/>\t\t\t\t\t\t\t\t\t\t\t\t\t\t\t<\/div>\n\t\t\t\t<div class=\"elementor-element elementor-element-5be6fca9 elementor-widget elementor-widget-image\" data-id=\"5be6fca9\" data-element_type=\"widget\" data-e-type=\"widget\" data-widget_type=\"image.default\">\n\t\t\t\t\t\t\t\t\t\t\t\t\t\t\t<img loading=\"lazy\" decoding=\"async\" width=\"800\" height=\"533\" src=\"https:\/\/dnfconsultores.com\/wp-content\/uploads\/2026\/03\/que-hace-un-abogado-min-scaled-1-1024x682.jpg\" class=\"attachment-large size-large wp-image-225\" alt=\"\" srcset=\"https:\/\/dnfconsultores.com\/wp-content\/uploads\/2026\/03\/que-hace-un-abogado-min-scaled-1-1024x682.jpg 1024w, https:\/\/dnfconsultores.com\/wp-content\/uploads\/2026\/03\/que-hace-un-abogado-min-scaled-1-300x200.jpg 300w, https:\/\/dnfconsultores.com\/wp-content\/uploads\/2026\/03\/que-hace-un-abogado-min-scaled-1-768x512.jpg 768w, https:\/\/dnfconsultores.com\/wp-content\/uploads\/2026\/03\/que-hace-un-abogado-min-scaled-1-1536x1024.jpg 1536w, https:\/\/dnfconsultores.com\/wp-content\/uploads\/2026\/03\/que-hace-un-abogado-min-scaled-1-2048x1365.jpg 2048w\" sizes=\"(max-width: 800px) 100vw, 800px\" \/>\t\t\t\t\t\t\t\t\t\t\t\t\t\t\t<\/div>\n\t\t\t\t<\/div>\n\t\t\t\t<\/div>\n\t\t<div class=\"elementor-element elementor-element-7c357ce e-con-full e-flex e-con e-child\" data-id=\"7c357ce\" data-element_type=\"container\" data-e-type=\"container\">\n\t\t\t\t<div class=\"elementor-element elementor-element-38fbc0c3 elementor-widget elementor-widget-heading\" data-id=\"38fbc0c3\" data-element_type=\"widget\" data-e-type=\"widget\" data-widget_type=\"heading.default\">\n\t\t\t\t\t<h3 class=\"elementor-heading-title elementor-size-default\">Sobre nosotros<\/h3>\t\t\t\t<\/div>\n\t\t\t\t<div class=\"elementor-element elementor-element-4342e0c7 elementor-widget elementor-widget-text-editor\" data-id=\"4342e0c7\" data-element_type=\"widget\" data-e-type=\"widget\" data-widget_type=\"text-editor.default\">\n\t\t\t\t\t\t\t\t\t<p class=\"cvGsUA direction-ltr align-start para-style-body\"><span class=\"a_GcMg font-feature-liga-off font-feature-clig-off font-feature-calt-off text-decoration-none text-strikethrough-none\">Con m\u00e1s de 10 a\u00f1os de experiencia, en <\/span><span class=\"a_GcMg font-feature-liga-off font-feature-clig-off font-feature-calt-off text-decoration-none text-strikethrough-none\">DNF Consultores<\/span><span class=\"a_GcMg font-feature-liga-off font-feature-clig-off font-feature-calt-off text-decoration-none text-strikethrough-none\"> hemos acompa\u00f1ado a empresas y clientes individuales en la soluci\u00f3n de sus retos legales, contables y administrativos.<\/span><\/p><p><span class=\"a_GcMg font-feature-liga-off font-feature-clig-off font-feature-calt-off text-decoration-none text-strikethrough-none\">Nuestro equipo de expertos combina conocimiento y pr\u00e1ctica para brindar respuestas r\u00e1pidas, efectivas y de confianza<\/span><\/p>\t\t\t\t\t\t\t\t<\/div>\n\t\t\t\t<div class=\"elementor-element elementor-element-73f02322 elementor-mobile-align-center elementor-invisible elementor-widget elementor-widget-button\" data-id=\"73f02322\" data-element_type=\"widget\" data-e-type=\"widget\" data-settings=\"{&quot;_animation&quot;:&quot;fadeInDown&quot;}\" data-widget_type=\"button.default\">\n\t\t\t\t\t\t\t\t\t\t<a class=\"elementor-button elementor-button-link elementor-size-sm\" href=\"#\">\n\t\t\t\t\t\t<span class=\"elementor-button-content-wrapper\">\n\t\t\t\t\t\t\t\t\t<span class=\"elementor-button-text\">cont\u00e1ctanos<\/span>\n\t\t\t\t\t<\/span>\n\t\t\t\t\t<\/a>\n\t\t\t\t\t\t\t\t<\/div>\n\t\t\t\t<\/div>\n\t\t\t\t\t<\/div>\n\t\t\t\t<\/div>\n\t\t<div class=\"elementor-element elementor-element-84ce894 e-flex e-con-boxed e-con e-parent\" data-id=\"84ce894\" data-element_type=\"container\" data-e-type=\"container\" data-settings=\"{&quot;background_background&quot;:&quot;classic&quot;}\">\n\t\t\t\t\t<div class=\"e-con-inner\">\n\t\t\t\t<div class=\"elementor-element elementor-element-f368b63 elementor-widget elementor-widget-image\" data-id=\"f368b63\" data-element_type=\"widget\" data-e-type=\"widget\" data-widget_type=\"image.default\">\n\t\t\t\t\t\t\t\t\t\t\t\t\t\t\t<img loading=\"lazy\" decoding=\"async\" width=\"800\" height=\"450\" src=\"https:\/\/dnfconsultores.com\/wp-content\/uploads\/2026\/03\/Captura-de-pantalla-2026-03-03-a-las-12.49.13-p.m-1024x576.png\" class=\"attachment-large size-large wp-image-232\" alt=\"\" srcset=\"https:\/\/dnfconsultores.com\/wp-content\/uploads\/2026\/03\/Captura-de-pantalla-2026-03-03-a-las-12.49.13-p.m-1024x576.png 1024w, https:\/\/dnfconsultores.com\/wp-content\/uploads\/2026\/03\/Captura-de-pantalla-2026-03-03-a-las-12.49.13-p.m-300x169.png 300w, https:\/\/dnfconsultores.com\/wp-content\/uploads\/2026\/03\/Captura-de-pantalla-2026-03-03-a-las-12.49.13-p.m-768x432.png 768w, https:\/\/dnfconsultores.com\/wp-content\/uploads\/2026\/03\/Captura-de-pantalla-2026-03-03-a-las-12.49.13-p.m-1536x864.png 1536w, https:\/\/dnfconsultores.com\/wp-content\/uploads\/2026\/03\/Captura-de-pantalla-2026-03-03-a-las-12.49.13-p.m-2048x1152.png 2048w\" sizes=\"(max-width: 800px) 100vw, 800px\" \/>\t\t\t\t\t\t\t\t\t\t\t\t\t\t\t<\/div>\n\t\t\t\t\t<\/div>\n\t\t\t\t<\/div>\n\t\t<div class=\"elementor-element elementor-element-66788df1 e-flex e-con-boxed e-con e-parent\" data-id=\"66788df1\" data-element_type=\"container\" data-e-type=\"container\">\n\t\t\t\t\t<div class=\"e-con-inner\">\n\t\t\t\t<div class=\"elementor-element elementor-element-198cc2cf elementor-widget elementor-widget-heading\" data-id=\"198cc2cf\" data-element_type=\"widget\" data-e-type=\"widget\" data-widget_type=\"heading.default\">\n\t\t\t\t\t<h3 class=\"elementor-heading-title elementor-size-default\">En DNF Consultores ofrecemos soluciones corporativas, innovadoras, confiables y eficientes.<\/h3>\t\t\t\t<\/div>\n\t\t\t\t<div class=\"elementor-element elementor-element-2bebedce elementor-widget elementor-widget-text-editor\" data-id=\"2bebedce\" data-element_type=\"widget\" data-e-type=\"widget\" data-widget_type=\"text-editor.default\">\n\t\t\t\t\t\t\t\t\t<p><span class=\"a_GcMg font-feature-liga-off font-feature-clig-off font-feature-calt-off text-decoration-none text-strikethrough-none\">Asumimos los problemas de nuestros clientes como nuestros y los resolvemos con compromiso, \u00e9tica y profesionalismo.<\/span><\/p>\t\t\t\t\t\t\t\t<\/div>\n\t\t\t\t<div class=\"elementor-element elementor-element-2a75c304 elementor-align-center elementor-mobile-align-center elementor-widget elementor-widget-button\" data-id=\"2a75c304\" data-element_type=\"widget\" data-e-type=\"widget\" data-widget_type=\"button.default\">\n\t\t\t\t\t\t\t\t\t\t<a class=\"elementor-button elementor-button-link elementor-size-sm\" href=\"#\">\n\t\t\t\t\t\t<span class=\"elementor-button-content-wrapper\">\n\t\t\t\t\t\t\t\t\t<span class=\"elementor-button-text\">cont\u00e1ctanos<\/span>\n\t\t\t\t\t<\/span>\n\t\t\t\t\t<\/a>\n\t\t\t\t\t\t\t\t<\/div>\n\t\t\t\t\t<\/div>\n\t\t\t\t<\/div>\n\t\t<footer class=\"elementor-element elementor-element-5fa51ec7 e-con-full e-flex e-con e-parent\" data-id=\"5fa51ec7\" data-element_type=\"container\" data-e-type=\"container\">\n\t\t<div class=\"elementor-element elementor-element-38098a69 e-con-full e-flex e-con e-child\" data-id=\"38098a69\" data-element_type=\"container\" data-e-type=\"container\">\n\t\t\t\t<div class=\"elementor-element elementor-element-834430f elementor-widget elementor-widget-image\" data-id=\"834430f\" data-element_type=\"widget\" data-e-type=\"widget\" data-widget_type=\"image.default\">\n\t\t\t\t\t\t\t\t\t\t\t\t\t\t\t<img loading=\"lazy\" decoding=\"async\" width=\"2560\" height=\"2560\" src=\"https:\/\/dnfconsultores.com\/wp-content\/uploads\/2026\/02\/DNF-LOGO-1-scaled.jpg\" class=\"attachment-full size-full wp-image-91\" alt=\"\" srcset=\"https:\/\/dnfconsultores.com\/wp-content\/uploads\/2026\/02\/DNF-LOGO-1-scaled.jpg 2560w, https:\/\/dnfconsultores.com\/wp-content\/uploads\/2026\/02\/DNF-LOGO-1-300x300.jpg 300w, https:\/\/dnfconsultores.com\/wp-content\/uploads\/2026\/02\/DNF-LOGO-1-1024x1024.jpg 1024w, https:\/\/dnfconsultores.com\/wp-content\/uploads\/2026\/02\/DNF-LOGO-1-150x150.jpg 150w, https:\/\/dnfconsultores.com\/wp-content\/uploads\/2026\/02\/DNF-LOGO-1-768x768.jpg 768w, https:\/\/dnfconsultores.com\/wp-content\/uploads\/2026\/02\/DNF-LOGO-1-1536x1536.jpg 1536w, https:\/\/dnfconsultores.com\/wp-content\/uploads\/2026\/02\/DNF-LOGO-1-2048x2048.jpg 2048w\" sizes=\"(max-width: 2560px) 100vw, 2560px\" \/>\t\t\t\t\t\t\t\t\t\t\t\t\t\t\t<\/div>\n\t\t\t\t<\/div>\n\t\t<div class=\"elementor-element elementor-element-79699a79 e-con-full e-flex e-con e-child\" data-id=\"79699a79\" data-element_type=\"container\" data-e-type=\"container\">\n\t\t\t\t<div class=\"elementor-element elementor-element-a99295c elementor-icon-list--layout-inline elementor-tablet-align-center elementor-align-center elementor-list-item-link-full_width elementor-widget elementor-widget-icon-list\" data-id=\"a99295c\" data-element_type=\"widget\" data-e-type=\"widget\" data-widget_type=\"icon-list.default\">\n\t\t\t\t\t\t\t<ul class=\"elementor-icon-list-items elementor-inline-items\">\n\t\t\t\t\t\t\t<li class=\"elementor-icon-list-item elementor-inline-item\">\n\t\t\t\t\t\t\t\t\t\t<span class=\"elementor-icon-list-text\"><span class=\"a_GcMg font-feature-liga-off font-feature-clig-off font-feature-calt-off text-decoration-none text-strikethrough-none\" style=\"--Ys-XuQ: none\">55 5908 1312<\/span><\/span>\n\t\t\t\t\t\t\t\t\t<\/li>\n\t\t\t\t\t\t\t\t<li class=\"elementor-icon-list-item elementor-inline-item\">\n\t\t\t\t\t\t\t\t\t\t<span class=\"elementor-icon-list-text\">Calle Lafontaine 225 casa C, Colonia Polanco, Miguel Hidalgo, C.P. 11550<\/span>\n\t\t\t\t\t\t\t\t\t<\/li>\n\t\t\t\t\t\t\t\t<li class=\"elementor-icon-list-item elementor-inline-item\">\n\t\t\t\t\t\t\t\t\t\t<span class=\"elementor-icon-list-text\"><\/span>\n\t\t\t\t\t\t\t\t\t<\/li>\n\t\t\t\t\t\t<\/ul>\n\t\t\t\t\t\t<\/div>\n\t\t\t\t<\/div>\n\t\t<div class=\"elementor-element elementor-element-1d27ac46 e-con-full e-flex e-con e-child\" data-id=\"1d27ac46\" data-element_type=\"container\" data-e-type=\"container\">\n\t\t\t\t<div class=\"elementor-element elementor-element-436f698b e-grid-align-right e-grid-align-tablet-right e-grid-align-mobile-center elementor-widget-mobile__width-inherit elementor-shape-rounded elementor-grid-0 elementor-widget elementor-widget-social-icons\" data-id=\"436f698b\" data-element_type=\"widget\" data-e-type=\"widget\" data-widget_type=\"social-icons.default\">\n\t\t\t\t\t\t\t<div class=\"elementor-social-icons-wrapper elementor-grid\">\n\t\t\t\t\t\t\t<span class=\"elementor-grid-item\">\n\t\t\t\t\t<a class=\"elementor-icon elementor-social-icon elementor-social-icon-linkedin elementor-repeater-item-828f132\" target=\"_blank\">\n\t\t\t\t\t\t<span class=\"elementor-screen-only\">Linkedin<\/span>\n\t\t\t\t\t\t<svg aria-hidden=\"true\" class=\"e-font-icon-svg e-fab-linkedin\" viewBox=\"0 0 448 512\" xmlns=\"http:\/\/www.w3.org\/2000\/svg\"><path d=\"M416 32H31.9C14.3 32 0 46.5 0 64.3v383.4C0 465.5 14.3 480 31.9 480H416c17.6 0 32-14.5 32-32.3V64.3c0-17.8-14.4-32.3-32-32.3zM135.4 416H69V202.2h66.5V416zm-33.2-243c-21.3 0-38.5-17.3-38.5-38.5S80.9 96 102.2 96c21.2 0 38.5 17.3 38.5 38.5 0 21.3-17.2 38.5-38.5 38.5zm282.1 243h-66.4V312c0-24.8-.5-56.7-34.5-56.7-34.6 0-39.9 27-39.9 54.9V416h-66.4V202.2h63.7v29.2h.9c8.9-16.8 30.6-34.5 62.9-34.5 67.2 0 79.7 44.3 79.7 101.9V416z\"><\/path><\/svg>\t\t\t\t\t<\/a>\n\t\t\t\t<\/span>\n\t\t\t\t\t<\/div>\n\t\t\t\t\t\t<\/div>\n\t\t\t\t<\/div>\n\t\t\t\t<\/footer>\n\t\t\t\t<\/div>\n\t\t","protected":false},"excerpt":{"rendered":"<p>Somos un equipo especializado en asesor\u00eda legal, contable y fiscal. Trabajamos con \u00e9tica, compromiso y soluciones personalizadas para cada cliente. Sobre nosotros Con m\u00e1s de 10 a\u00f1os de experiencia, en DNF Consultores hemos acompa\u00f1ado a empresas y clientes individuales en la soluci\u00f3n de sus retos legales, contables y administrativos. Nuestro equipo de expertos combina conocimiento [&hellip;]<\/p>\n","protected":false},"author":1,"featured_media":0,"parent":0,"menu_order":0,"comment_status":"closed","ping_status":"closed","template":"elementor_header_footer","meta":{"footnotes":""},"class_list":["post-211","page","type-page","status-publish","hentry"],"_links":{"self":[{"href":"https:\/\/dnfconsultores.com\/index.php\/wp-json\/wp\/v2\/pages\/211","targetHints":{"allow":["GET"]}}],"collection":[{"href":"https:\/\/dnfconsultores.com\/index.php\/wp-json\/wp\/v2\/pages"}],"about":[{"href":"https:\/\/dnfconsultores.com\/index.php\/wp-json\/wp\/v2\/types\/page"}],"author":[{"embeddable":true,"href":"https:\/\/dnfconsultores.com\/index.php\/wp-json\/wp\/v2\/users\/1"}],"replies":[{"embeddable":true,"href":"https:\/\/dnfconsultores.com\/index.php\/wp-json\/wp\/v2\/comments?post=211"}],"version-history":[{"count":5,"href":"https:\/\/dnfconsultores.com\/index.php\/wp-json\/wp\/v2\/pages\/211\/revisions"}],"predecessor-version":[{"id":260,"href":"https:\/\/dnfconsultores.com\/index.php\/wp-json\/wp\/v2\/pages\/211\/revisions\/260"}],"wp:attachment":[{"href":"https:\/\/dnfconsultores.com\/index.php\/wp-json\/wp\/v2\/media?parent=211"}],"curies":[{"name":"wp","href":"https:\/\/api.w.org\/{rel}","templated":true}]}}